r when (1 - (-123)/i)*-10 is divided by t.
12
Let c(f) = 10*f**2 - 120*f + 22. What is the remainder when 65 is divided by c(12)?
21
Suppose -2*u + 27 = -43. Calculate the remainder when 154 is divided by u.
14
Suppose 32 = -2*l + 4*x, 4*l - 38 = 7*l - 4*x. Calculate the remainder when (-1482)/(-13) + 2 + l is divided by 2/2 - (-1 - 26).
26
Let c be 12/16 + (-27)/(-12). Suppose 3*z = c + 15. Let i(s) = s**2 - 5*s. What is the remainder when 10 is divided by i(z)?
4
Suppose -7 = -6*g + 5. Let r = -6 + 23. Calculate the remainder when r is divided by ((-2)/g)/(-1) - -5.
5
Let p = 1401 - 1351. What is the remainder when p is divided by 9?
5
Suppose -44 = -5*z + 31. Suppose 52 = -0*f + 2*f. Calculate the remainder when f is divided by z.
11
Suppose -2*p - 16 = -2*i, 0 = i - 3*p - 2 - 14. Suppose -2*u = -i*u. Suppose -3*c + 5 + 4 = u. Calculate the remainder when 8 is divided by c.
2
Suppose -x + 18 = 8. Calculate the remainder when 106 is divided by x.
6
Let c = -1483 + 1861. Calculate the remainder when c is divided by 10.
8
Suppose -t + 3*d + 339 = -0*t, -3*d = t - 351. Suppose -48*o + 43*o + t = 0. What is the remainder when o is divided by 4?
1
Let x(l) = 5*l - 53. Calculate the remainder when x(17) is divided by 7.
4
What is the remainder when 371 is divided by ((-186)/(-10))/(18/90)?
92
Let h(s) = -s**3 - s**2 - 1. Let q(k) = -4 - 7*k**3 - 7 - 9 + 12 - 4*k**2 - k. Let i(d) = -6*h(d) + q(d). What is the remainder when 29 is divided by i(-2)?
13
Suppose 3*z + 12 = 3*g, -g + 6*z + 1 = 2*z. Let r(c) = 8*c**2 - c + 1. Let b = 2 - 1. What is the remainder when r(b) is divided by g?
3
Suppose -88 = -0*j - 4*j. Let f be (-4)/(-2*(-1 - -2)). What is the remainder when 86/f*(2 - 1) is divided by j?
21
Let z(a) = -4*a**3 - 83*a**2 + 17*a - 9. Calculate the remainder when z(-21) is divided by 26.
23
Let o be 71 + 5 + 1 + -1. Suppose 0 = j + 47 - o. Suppose -6*c + 2*c + 58 = 5*n, -n - 3*c + 16 = 0. Calculate the remainder when j is divided by n.
9
Let c(m) = -2*m**2 - 13*m - 5. Calculate the remainder when 76 is divided by c(-2).
11
Let o = -354 - -632. What is the remainder when o is divided by 7?
5
Let a(g) = -g**3 + 3*g**2 + 3*g + 11. Calculate the remainder when 39 is divided by a(4).
4
Suppose j - 37 = -2*v, 4 + 1 = 5*v. Calculate the remainder when j is divided by 26.
9
Let g be (-2)/(-8) - 587/(-4). Let f = 235 - g. Calculate the remainder when f is divided by 15.
13
Suppose 6*f - 25 = 4*f - 5*u, -f - 3*u + 13 = 0. Suppose -728 = -f*b + 2*b. Let q(v) = -4*v + 3. Calculate the remainder when b is divided by q(-5).
22
Let z(y) = 10*y + 27. Let u be z(9). Let w = -95 + u. Calculate the remainder when 43 is divided by w.
21
Suppose -13 = -2*g - 5. Suppose 10 = l + g*l. Suppose -5*m - l*m + 497 = 0. What is the remainder when m is divided by 18?
17
Suppose 2*h + 5*w - 186 = 2*w, -h + 75 = -3*w. Suppose h = 5*t + 2*l, 5*t - 80 = l + 4*l. Let b = t - 6. Calculate the remainder when 31 is divided by b.
9
Let w(i) = 19*i**2 + i. Let l be w(-1). Let v = l + -13. Suppose -h - v*s + 0 = -4, -h + 25 = -2*s. Calculate the remainder when 73 is divided by h.
16
Let q(o) = -o**3 + 15*o**2 - 21*o + 327. Suppose 0 = 5*g - 20 - 0. What is the remainder when q(15) is divided by g?
0
Let z = -285 - -325. Calculate the remainder when 277 is divided by z.
37
Let b = -5 - -16. Let k(m) = -m**3 + 10*m**2 + 11*m + 12. What is the remainder when k(b) is divided by 18/(-24) + (-93)/(-12)?
5
Let w = -162 - -92. Let l = w + 79. What is the remainder when 34 is divided by l?
7
Let w = -1659 - -1673. Calculate the remainder when 55 is divided by w.
13
Let s(x) = x**2 + 7*x - 11. Let g(y) = y**3 - 19*y**2 + 20*y - 9. What is the remainder when g(18) is divided by s(-9)?
6
Let h be (-4)/6 - 4950/(-54). Let y = h - 52. What is the remainder when y is divided by 14?
11
Let q(s) = 14*s**2 - s - 1. Let g be q(-1). Let n(i) = -8*i - 44. Let b be n(-6). Suppose b*m = g + 90. Calculate the remainder when 101 is divided by m.
23
Let k(v) = v**3 + 16*v**2 - 3*v + 130. What is the remainder when k(-8) is divided by 23?
22
Let z(b) = 3*b**2 - 3*b + 5. Let s(q) = q + 7. Let a be s(-6). Let k be (0 - (3 - 7)) + a. What is the remainder when z(k) is divided by 22?
21
Let l = -100 - -177. Suppose -5*a - 4*b + l = 0, 2*b = 4 + 2. What is the remainder when 35 is divided by a?
9
Suppose -y + 11 = -2*x, 5*y - 2*x - 27 = x. Suppose 4*k - y*l - 115 = 0, 4*k - 184 = -4*l - 48. What is the remainder when k is divided by 17?
14
Suppose -197 + 7 = 5*y. Let n = 64 + y. Suppose -79*q + 6565 = -14*q. Calculate the remainder when q is divided by n.
23
Let j(t) = -25*t - 1. Suppose k + 65 = -4*k. Let m = 22 + k. What is the remainder when j(-1) is divided by m?
6
Suppose -2*p - 2*z = -3*p + 8, 2*z = 4*p - 8. Suppose p = -d - 2, 2*d = 2*w + 5*d - 78. What is the remainder when w is divided by 12?
6
Let f(b) = -5*b - 2. Let j be f(-4). Suppose 2*g = 10 + j. Let z = g + -12. Calculate the remainder when 5 is divided by z.
1
Let f = 437 - 404. What is the remainder when f is divided by 9?
6
Let l(q) = 116*q**3 - 3*q**2 + q + 1. Calculate the remainder when 128 is divided by l(1).
13
Let k = 943 - 757. Calculate the remainder when k is divided by 50.
36
Let x(y) = 2*y**3 - 9*y**2 - 5*y + 6. Let a be x(5). Suppose -5*r - k + 15 = 3*k, 2*k - a = -2*r. What is the remainder when 20 is divided by r?
2
Let n = 42 - -11. Let d = -32 + n. What is the remainder when d is divided by 11?
10
Calculate the remainder when 163 is divided by 2/11*1 - 52758/(-594).
74
Let l(w) = w**3 - 14*w**2 - 12*w - 6. What is the remainder when l(15) is divided by 14?
11
Let v be (-5)/(-1) + -3 + 2. Let t(n) = 2*n**2 - 8*n + 4. Calculate the remainder when 12 is divided by t(v).
0
Let z be (-11)/(-7) + (-6)/(-14). Suppose 23 = 2*r + w - 0*w, 5*r = z*w + 62. What is the remainder when 632/28 - (-6)/14 is divided by r?
11
Let p(m) = 6*m**2 - 23*m - 8. What is the remainder when 90 is divided by p(5)?
9
Let p = 20 - 16. Let f be -15*p/3 - 0. Calculate the remainder when (-4)/10 - 588/f is divided by 15.
14
Let t be 8/6*12/(-8). Let l = 20 - t. Let i = 12 + l. What is the remainder when i is divided by 13?
8
Let z = -659 + 717. Calculate the remainder when 633 is divided by z.
53
Let r = -256 - -328. Calculate the remainder when r is divided by 20.
12
Let p(i) = 6*i**2 - 4*i - 10. Let h(c) = -5*c**2 + 4*c + 11. Let l(d) = -5*h(d) - 4*p(d). Calculate the remainder when l(-4) is divided by 6.
5
Suppose 15 = -28*r + 31*r. Calculate the remainder when 241 is divided by r.
1
Let f = -601 + 918. Calculate the remainder when f is divided by 29.
27
Let o(g) = -4*g - 7. Let z be 1/((-964)/240 - -4). Calculate the remainder when (-20)/z + (-71)/(-3) is divided by o(-5).
11
What is the remainder when (-450)/(-8) - (-12)/16 is divided by (261/(-45))/((-2)/10)?
28
Suppose 2*d = -2*s + 3*s - 16, -d + 3*s = 8. What is the remainder when 2*d/(24/(-45)) is divided by 17?
13
Let s be (-2)/16*-4*14. Let t(r) = -r**3 + 7*r**2 + 4*r + 3. Calculate the remainder when t(s) is divided by 12.
7
Suppose -2*c - 2*b = -17 - 1, -c = 4*b - 6. Suppose q = 4 + c. What is the remainder when 54 is divided by q?
12
Suppose 0 = 2*x - 5*t - 101, 5*x - 192 - 49 = t. Calculate the remainder when 282 is divided by x.
42
Let j(f) = f**3 - 4*f**2 + 3*f - 3. Let m be j(2). Let l(o) = 13*o + 1. What is the remainder when l(2) is divided by m/2*(-12)/5?
3
Let k = -1808 + 1898. What is the remainder when 369 is divided by k?
9
Suppose 2*p = -3*p + 40. Suppose -14*a + 100 = 2. Calculate the remainder when 159/7 - (235/35 - a) is divided by p.
7
Let z(t) = -t**3 + t - 1. Suppose 2*b - s = -0*s + 1, -s + 3 = 0. What is the remainder when z(-4) is divided by 6/((-39)/(-15) - b)?
9
Suppose 1345 = 5*u + 5*g, 0 = u - 145*g + 148*g - 259. What is the remainder when u is divided by 132?
10
Suppose 0 = 4*u + 5*m - 85, -26*m = -4*u - 21*m + 75. Calculate the remainder when 99 is divided by u.
19
Let h = 7 + 3. Suppose 10*c - 5*c - h = 0. Calculate the remainder when 23 is divided by -3*(c + -9 - -3).
11
Suppose 4*a = 4*c - 28, -4*a + 8*c - 23 = 5*c. Suppose 0 = -4*p - 2*d + 376, 4*p - 376 = -d + 2*d. What is the remainder when p is divided by 6/a + (-27)/(-1)?
22
Let y be 0/10 + (1 - 0) + -1. Suppo